Is 24 a factor of 118560?
True
Is 20130363 a multiple of 243?
True
Does 13 divide 196638?
True
Is 1269 a factor of 3768652?
False
Is 4 a factor of 48671?
False
Does 93 divide 1197594?
False
Does 1243 divide 449975?
False
Is 516 a factor of 613008?
True
Does 18 divide 1491279?
False
Is 441 a factor of 346626?
True
Does 659 divide 4782288?
False
Is 3865516 a multiple of 4?
True
Does 676 divide 3551704?
True
Is 117383 a multiple of 372?
False
Does 202 divide 7798008?
True
Is 32 a factor of 3098443?
False
Is 274680 a multiple of 21?
True
Is 6 a factor of 488014?
False
Is 33 a factor of 269775?
True
Does 34 divide 201212?
True
Does 348 divide 132632?
False
Does 216 divide 125099?
False
Is 16 a factor of 440928?
True
Is 1908668 a multiple of 57?
False
Does 63 divide 329931?
True
Does 104 divide 277992?
True
Does 144 divide 12379023?
False
Does 108 divide 159045?
False
Is 2415444 a multiple of 435?
False
Does 63 divide 41411?
False
Is 1121 a multiple of 3?
False
Is 378 a factor of 503235?
False
Is 236 a factor of 1821290?
False
Does 40 divide 2549920?
True
Does 29 divide 949676?
False
Is 109 a factor of 1094126?
False
Does 243 divide 337562?
False
Does 13 divide 1186072?
False
Is 6 a factor of 23639358?
True
Does 295 divide 28566?
False
Does 19 divide 5946449?
True
Is 145642 a multiple of 206?
True
Does 9 divide 43227?
True
Is 861533 a multiple of 41?
True
Does 12 divide 224728?
False
Is 4 a factor of 236360?
True
Is 1402667 a multiple of 6?
False
Does 458 divide 2398012?
False
Is 9 a factor of 2058540?
False
Does 210 divide 715184?
False
Is 1586325 a multiple of 65?
True
Is 3 a factor of 136469?
False
Is 2653999 a multiple of 15?
False
Is 578 a factor of 980866?
True
Does 105 divide 17745?
True
Does 39 divide 180570?
True
Is 2037631 a multiple of 72?
False
Is 68694 a multiple of 70?
False
Does 81 divide 734832?
True
Is 85 a factor of 32802?
False
Is 8817 a multiple of 4?
False
Does 1053 divide 11808493?
False
Does 223 divide 207900?
False
Is 849 a factor of 5820744?
True
Does 3 divide 229458?
True
Is 32118 a multiple of 3?
True
Is 1087218 a multiple of 17?
True
Is 55 a factor of 1612050?
True
Is 8 a factor of 903264?
True
Is 161159 a multiple of 4?
False
Does 13 divide 13474?
False
Does 6 divide 121993?
False
Is 155 a factor of 8292355?
False
Is 3796081 a multiple of 419?
False
Does 186 divide 2382260?
False
Does 19 divide 514462?
False
Is 253 a factor of 122452?
True
Is 108 a factor of 198895?
False
Is 16 a factor of 2795792?
True
Is 1325223 a multiple of 21?
False
Is 156569 a multiple of 2?
False
Does 94 divide 324383?
False
Is 162 a factor of 5043959?
False
Is 2266000 a multiple of 88?
True
Is 1355541 a multiple of 23?
False
Is 7 a factor of 6426277?
False
Is 188 a factor of 411843?
False
Is 2418795 a multiple of 115?
True
Is 223 a factor of 236270?
False
Is 1162648 a multiple of 19?
True
Is 11 a factor of 297416?
False
Does 51 divide 241241?
False
Is 50 a factor of 11072350?
True
Is 84 a factor of 1014132?
True
Does 55 divide 5931365?
True
Is 1480 a factor of 5317752?
False
Does 12 divide 8403084?
True
Does 70 divide 48650?
True
Is 3085357 a multiple of 72?
False
Does 10 divide 486600?
True
Is 656625 a multiple of 425?
True
Does 244 divide 141276?
True
Is 53733 a multiple of 28?
False
Does 31 divide 12628408?
True
Is 411 a factor of 167688?
True
Does 12 divide 441265?
False
Is 17 a factor of 87799?
False
Is 433913 a multiple of 8?
False
Does 7 divide 486696?
True
Does 23 divide 671186?
True
Is 2853424 a multiple of 56?
True
Is 3078 a multiple of 54?
True
Is 336 a factor of 1185072?
True
Is 110 a factor of 1688246?
False
Is 52 a factor of 77828?
False
Is 35380 a multiple of 58?
True
Is 245865 a multiple of 37?
True
Is 22069 a multiple of 29?
True
Does 38 divide 741684?
True
Does 184 divide 24166376?
True
Does 11 divide 7711?
True
Is 6 a factor of 490932?
True
Is 3531138 a multiple of 13?
True
Is 7624452 a multiple of 89?
True
Is 3312652 a multiple of 15?
False
Is 2012457 a multiple of 8?
False
Is 35948 a multiple of 100?
False
Does 123 divide 3384762?
False
Is 485374 a multiple of 104?
False
Does 17 divide 18523?
False
Is 22030 a multiple of 99?
False
Does 29 divide 66613?
True
Is 10 a factor of 447154?
False
Is 4164528 a multiple of 212?
True
Is 18676927 a multiple of 710?
False
Is 622608 a multiple of 21?
True
Is 3449680 a multiple of 130?
True
Is 2732555 a multiple of 78?
False
Is 4313981 a multiple of 11?
False
Does 16 divide 94736?
True
Does 231 divide 444906?
True
Is 56 a factor of 383992?
True
Is 544 a factor of 13524384?
True
Does 54 divide 3892615?
False
Is 5 a factor of 30517?
False
Is 335 a factor of 294630?
False
Is 2213348 a multiple of 15?
False
Is 13 a factor of 10608?
True
Is 3569310 a multiple of 18?
True
Is 151 a factor of 267152?
False
Is 743418 a multiple of 39?
True
Is 927891 a multiple of 9?
True
Is 9091500 a multiple of 50?
True
Does 21 divide 26775?
True
Is 316 a factor of 44215?
False
Is 196 a factor of 37632?
True
Is 495997 a multiple of 31?
False
Does 30 divide 9720?
True
Is 55 a factor of 4925580?
True
Is 26 a factor of 348938?
False
Is 107233 a multiple of 146?
False
Is 6 a factor of 46963?
False
Is 226 a factor of 1616578?
True
Does 7 divide 20319?
False
Does 83 divide 192892?
True
Is 13895911 a multiple of 233?
False
Is 535194 a multiple of 106?
True
Is 461552 a multiple of 184?
False
Is 11 a factor of 3252759?
False
Is 20 a factor of 42780?
True
Is 91 a factor of 30147390?
True
Does 98 divide 285659?
False
Is 18090 a multiple of 30?
True
Is 9 a factor of 201780?
True
Is 36 a factor of 381212?
False
Is 11 a factor of 2155890?
True
Is 4307528 a multiple of 19?
True
Is 88995 a multiple of 5?
True
Is 411616 a multiple of 38?
True
Is 1039 a factor of 13270384?
False
Is 1074998 a multiple of 199?
True
Does 28 divide 37268?
True
Is 962034 a multiple of 810?
False
Does 7 divide 7567?
True
Is 264624 a multiple of 25?
False
Is 24890 a multiple of 8?
False
Does 315 divide 940991?
False
Does 11 divide 3869860?
False
Is 6419804 a multiple of 648?
False
Does 5 divide 103806?
False
Is 6 a factor of 1416?
True
Is 863 a factor of 1651074?
False
Is 97410 a multiple of 15?
True
Is 4477086 a multiple of 306?
True
Does 6 divide 20816?
False
Is 48048 a multiple of 154?
True
Is 52 a factor of 11277968?
True
Is 123723 a multiple of 177?
True
Is 1969040 a multiple of 20?
True
Is 152 a factor of 5940464?
True
Is 74 a factor of 1645375?
False
Is 343 a factor of 291207?
True
Is 65 a factor of 9533485?
True
Does 54 divide 1255406?
False
Is 107 a factor of 88275?
True
Does 44 divide 430490?
False
Is 661 a factor of 398583?
True
Does 6 divide 450083?
False
Does 196 divide 181712?
False
Is 60 a factor of 273720?
True
Does 46 divide 2167474?
True
Is 903561 a multiple of 10?
False
Is 35 a factor of 1562356?
False
Is 2834393 a multiple of 17?
True
Is 1942044 a multiple of 1266?
True
Is 2 a factor of 68514?
True
Is 308304 a multiple of 72?
True
Does 7 divide 3497?
False
Is 3 a factor of 156563?
False
Is 20 a factor of 133180?
True
Is 83 a factor of 1323435?
True
Does 360 divide 13604933?
False
Is 143 a factor of 443122?
False
Is 341622 a multiple of 230?
False
Does 61 divide 141271?
False
Is 49 a factor of 1079421?
True
Is 80 a factor of 3439002?
False
Is 10145645 a multiple of 14?
False
Is 327047 a multiple of 56?
False
Is 1293126 a multiple of 631?
False
Is 502150 a multiple of 25?
True
Does 16 divide 7280?
True
Is 944 a multiple of 5?
False
Does 278 divide 1970091?
False
Is 12 a factor of 12717312?
True
Is 6 a factor of 104199?
False
Does 48 divide 1129490?
False
Is 273173 a multiple of 14?
False
Is 131685 a multiple of 224?
False
Does 16 divide 135296?
True
Is 4 a factor of 7292?
True
Is 4973152 a multiple of 735?
False
Is 8 a factor of 3886408?
True
Does 6 divide 952864?
False
Is 2506320 a multiple of 4?
True
Does 8 divide 8010049?
False
Is 29 a factor of 2313917?
False
Does 3 divide 37235?
False
Is 126 a factor of 98280?
True
Is 12 a factor of 15208176?
True
Is 141055 a multiple of 68?
False
Is 153 a factor of 156672?
True
Is 7 a factor of 334320?
True
Is 30 a factor of 1136190?
True
Does 174 divide 44022?
True
Is 18 a factor of 2291751?
False
Does 76 divide 22056872?
True
Is 32736 a multiple of 66?
True
Is 223308 a multiple of 36?
True
Do